538*c - 674. Calculate r(13).
106
Let h(m) = -m**3 + 9*m**2 - 295*m + 3294. Calculate h(11).
-193
Let k(h) = -h**3 + 89*h**2 - 564*h + 7. Give k(7).
77
Let k(y) = -y**2 + 787*y + 11209. Calculate k(-14).
-5
Let h(z) = 99*z**2 + 4166*z - 70347. What is h(-55)?
-2
Let v(r) = 2*r**3 + 702*r**2 - 2818*r + 7629. Determine v(-355).
-181
Let h(q) = 164425*q + 3452925. Calculate h(-21).
0
Let x(d) = -d**3 + 38*d**2 + 7791*d + 14195. What is x(110)?
5
Let j(v) = -2*v**3 + 1691*v**2 + 3993*v + 209447. Calculate j(848).
-9
Let p(x) = 10*x**3 + 310*x**2 + 8*x + 2. Calculate p(-31).
-246
Let l(a) = a**3 - 37*a**2 + 328*a + 42. What is l(24)?
426
Let n(o) = 170*o**2 + 15*o - 79. Give n(3).
1496
Let z(r) = -4*r**3 + 47*r**2 + 106*r - 1667. Give z(14).
-1947
Let j(a) = 5521*a + 414191. What is j(-75)?
116
Let g(j) = -2754*j - 22059. Determine g(-8).
-27
Let f(w) = 378*w - 997. Calculate f(8).
2027
Let r(d) = -33950*d - 101832. What is r(-3)?
18
Let o(p) = -p**3 - 585*p**2 - 22800*p + 33. Determine o(-42).
-219
Let s(u) = 3*u**3 - 2019*u**2 - 5955*u - 87207. Give s(676).
-3
Let v(b) = -1621*b + 1125069. Calculate v(694).
95
Let g(d) = -2*d**2 + 39*d + 210. Calculate g(11).
397
Let o(t) = 11*t**2 + 215*t - 1657. Give o(-25).
-157
Let n(d) = -69*d**3 + 2135*d**2 + 404*d - 8670. What is n(31)?
10
Let w(s) = -446*s + 37532. Determine w(84).
68
Let l(j) = 7216*j + 1219462. Determine l(-169).
-42
Let r(l) = 910*l + 5210. Give r(-6).
-250
Let r(v) = -1015*v + 70769. What is r(70)?
-281
Let s(d) = -12*d**3 + 488*d**2 + 1031*d + 13. Determine s(-2).
-1
Let x(v) = -2*v**3 - 24*v**2 + 2428*v + 19936. Calculate x(-8).
0
Let n(u) = -43*u - 28387. Calculate n(-659).
-50
Let a(f) = -2*f**3 + 148*f**2 - 2149*f - 208. Give a(20).
12
Let b(z) = 4*z**3 - 536*z**2 - 111*z + 14883. Calculate b(134).
9
Let i(a) = 11*a**3 - 742*a**2 - 1972*a + 832. Give i(70).
-8
Let x(v) = -5946*v - 71345. Give x(-12).
7
Let r(j) = -3*j**2 + 435*j + 206993. Determine r(-200).
-7
Let l(f) = f**2 + 1426*f - 93792. Determine l(63).
15
Let v(u) = 4*u**2 + 2564*u + 113850. Give v(-593).
-6
Let x(q) = 1705*q - 3453. What is x(3)?
1662
Let v(b) = -20*b**2 - 6840*b - 54687. Give v(-8).
-1247
Let n(a) = -a**3 + 23*a**2 - 162*a + 2030. Determine n(20).
-10
Let v(h) = 2*h**3 + 592*h**2 + 595*h + 1483. What is v(-295)?
8
Let w(z) = 271*z - 15131. Give w(56).
45
Let n(y) = -5*y**3 - 138*y**2 - 430*y - 13539. What is n(-28)?
69
Let i(u) = -4*u**3 + 116*u**2 - 747*u - 135. Determine i(10).
-5
Let t(o) = -o**3 + 145*o**2 + 510*o - 169422. Determine t(140).
-22
Let s(r) = -665*r + 10676. What is s(16)?
36
Let n(g) = 455*g - 14972. Calculate n(33).
43
Let u(n) = 1627*n - 1635. Give u(1).
-8
Let y(f) = -1273*f + 13562. What is y(10)?
832
Let n(k) = -38899*k - 661586. What is n(-17)?
-303
Let t(k) = 19*k**2 - 16570*k + 82793. Calculate t(5).
418
Let v(h) = -11*h**3 + 634*h**2 + 220*h + 703. What is v(58)?
7
Let t(w) = -18*w**2 - 774*w + 5724. Give t(7).
-576
Let z(x) = -12*x**3 - 331*x**2 - 68*x + 3268. Calculate z(-27).
1
Let a(u) = -4454*u + 45337. Calculate a(10).
797
Let u(s) = -s**3 + 60*s**2 + 13465*s + 5256. Determine u(150).
6
Let p(z) = -17*z**3 - 80*z**2 + 609*z + 1815. Give p(-3).
-273
Let x(r) = 102*r - 4639. Determine x(46).
53
Let b(j) = -18*j**2 - 295*j + 10216. Give b(17).
-1
Let w(i) = -27435*i - 2057622. Give w(-75).
3
Let k(s) = -15889*s + 15507. Calculate k(1).
-382
Let j(q) = -5835*q - 3979482. Give j(-682).
-12
Let p(k) = -2*k**3 - 13*k**2 - 18*k + 23. Determine p(-7).
198
Let b(j) = 3*j**3 - 2245*j**2 - 3755*j + 3754. What is b(750)?
4
Let f(n) = -n**3 + 7*n**2 - 27*n + 70. Give f(6).
-56
Let q(k) = -11*k**3 + 77*k**2 + 1315*k + 1. Give q(-8).
41
Let y(s) = -833*s + 38340. Calculate y(46).
22
Let s(g) = -2*g**3 + 55*g**2 + 89*g - 3481. What is s(27)?
-349
Let b(f) = -3*f**2 + 506*f + 4897. Calculate b(178).
-87
Let n(b) = b**3 + 13*b**2 - 11*b + 1. Calculate n(-7).
372
Let y(v) = 3337*v**2 + 183535*v - 9. What is y(-55)?
-9
Let y(l) = -16*l**2 + 569*l - 3816. What is y(9)?
9
Let n(c) = 4*c**2 + 4508*c - 27121. Give n(6).
71
Let v(u) = 2*u**3 + 45*u**2 - 2600*u - 126. What is v(-49)?
21
Let z(q) = -4*q**3 - 27*q**2 - 219*q - 894. Determine z(-5).
26
Let n(l) = -349*l - 3831. What is n(-4)?
-2435
Let q(h) = -11*h**2 - 709*h + 1047. What is q(-66)?
-75
Let f(q) = 23*q**3 - 14*q**2 + 44*q + 4. What is f(4)?
1428
Let z(k) = 10981*k - 417279. Give z(38).
-1
Let c(v) = 19018*v - 1160127. Determine c(61).
-29
Let r(s) = 129*s**2 - 1668*s - 127. Determine r(13).
-10
Let m(q) = -q**3 + 26*q**2 - 11*q + 410. Give m(20).
2590
Let d(u) = 88720*u + 532345. Calculate d(-6).
25
Let b(x) = 135*x**3 - 372*x**2 + 745*x - 8. Calculate b(2).
1074
Let u(b) = -16*b**2 - 301*b - 32. Calculate u(0).
-32
Let v(x) = -x**3 - 130*x**2 + 7236*x - 503. Determine v(42).
1
Let y(p) = -p**2 + 63*p - 460. Determine y(35).
520
Let f(k) = -334*k**2 + 41*k + 1181. Calculate f(0).
1181
Let h(p) = -12727*p - 178346. Calculate h(-14).
-168
Let l(w) = -15*w**2 - 39*w + 1040. Determine l(-10).
-70
Let l(g) = -3*g**3 + 309*g**2 - 307*g + 449. Determine l(102).
347
Let x(m) = 6*m**2 + 6219*m + 27858. Give x(-1032).
-6
Let i(n) = -236*n + 39835. What is i(169)?
-49
Let y(l) = l**3 + 4*l**2 - 860*l - 29. Give y(0).
-29
Let d(p) = 10879*p + 1708017. Give d(-157).
14
Let x(o) = -10*o**3 + 1153*o**2 - 345*o + 104. Determine x(115).
104
Let f(r) = -101*r**2 + 5*r - 97. Give f(0).
-97
Let y(w) = -235*w - 2993. Calculate y(-13).
62
Let v(d) = d**2 + 45*d - 1671. Give v(-68).
-107
Let a(n) = n**3 + 308*n**2 - 2532*n - 997. What is a(-316)?
267
Let m(o) = -1285*o - 303. Give m(0).
-303
Let b(v) = -5698*v + 142469. Give b(25).
19
Let z(y) = 44*y**3 + 28776*y**2 - 15*y - 9851. Give z(-654).
-41
Let r(l) = l**3 + 43*l**2 + 212*l + 787. Determine r(-38).
-49
Let f(k) = 82*k**2 + 6393*k - 137. What is f(-78)?
97
Let v(d) = d**3 - 16*d**2 + 71*d - 206. What is v(12)?
70
Let f(b) = -4*b**3 + 55*b**2 - 8747*b + 113195. Determine f(13).
-9
Let z(h) = -101*h - 196. Determine z(-6).
410
Let j(v) = -17*v**2 + 15003*v - 7972. Determine j(882).
-34
Let a(o) = 47*o + 5057. Determine a(-154).
-2181
Let y(a) = -5346*a - 711022. Determine y(-133).
-4
Let z(r) = 4934*r**2 - 24691*r - 3. Calculate z(5).
-108
Let v(q) = q**2 + 15183*q - 106305. Calculate v(7).
25
Let d(x) = -2194*x + 390939. What is d(178)?
407
Let r(s) = -140*s**2 - 5436*s + 601. Determine r(-39).
-335
Let q(w) = -299*w - 38568. Determine q(-129).
3
Let c(s) = -104*s**2 + 1032*s + 6151. Calculate c(-6).
-3785
Let p(w) = 4943*w - 54344. Give p(11).
29
Let c(j) = -1971*j - 17127. Determine c(-9).
612
Let b(y) = -2273783*y + 11368915. Calculate b(5).
0
Let x(g) = 8*g**2 + 200*g - 818. Calculate x(-30).
382
Let z(j) = 6*j**3 - 1006*j**2 - 326*j - 1671. Give z(168).
9
Let p(w) = -w**3 + 17*w**2 + 2163*w - 38618. Calculate p(18).
-8
Let i(f) = -106*f + 4224. What is i(45)?
-546
Let x(k) = -32*k - 5364. Calculate x(-164).
-116
Let n(f) = f**3 - 216*f**2 - 179*f - 7932. Calculate n(217).
314
Let z(g) = -4288*g - 167241. Calculate z(-39).
-9
Let b(i) = -18*i**2 + 5726. Give b(-18).
-106
Let f(p) = -p**3 + 116*p**2 - 85*p - 3581. Calculate f(115).
-131
Let x(v) = -v**3 - 37*v**2 - 159*v - 1143. Give x(-35).
1972
Let p(t) = t**2 - 69*t + 1539. What is p(28)?
391
Let j(f) = f**3 - 6*f**2 - 74*f + 529. Determine j(6).
85
Let t(i) = -i**3 - 13*i**2 + 79*i + 1031. What is t(-10)?
-59
Let j(x) = -3849*x - 512098. Give j(-133).
-181
Let p(m) = 14*m**2 + 577*m - 834. Calculate p(-42).
-372
Let n(i) = -2*i**3 + 8*i**2 + 790*i + 1929. What is n(23)?
-3
Let s(d) = 140*d - 15709. Calculate s(110).
-309
Let t(x) = x**2 + 3813*x + 214099. Calculate t(-57).
7
Let y(a) = 9929*a - 9626. Calculate y(1).
303
Let z(l) = 2*l**2 - 1292*l - 13123. Give z(-10).
-3
Let v(u) = -13*u**3 - 2*u**2 - 860*u + 5227. Determine v(6).
-2813
Let x(q) = -q**3 + 2*q**2 - 205*q + 1620. What is x(11)?
-1724
Let o(r) = r**3 + 36*r**2 + 208*r + 28. Calculate o(-8).
156
Let h(u) = -u**3 - 51*u**2 + 82*u + 4112. Determine h(-51).
-70
Let c(y) = -603*y**2 + 1945*y - 411. Give c(3).
-3
Let s(i) = -2*i**3 + 3*i**2 - 871*i + 4234. Determine s(5).
-296
Let v(o) = 4*o**2 + 13422*o + 26841. What is v(-2)?
13
Let g(p) = 1878*p - 230867. Determine g(123).
127